{"id":1031,"date":"2024-09-21T14:00:11","date_gmt":"2024-09-21T17:00:11","guid":{"rendered":"https:\/\/www.comarcalamatilde.com.ar\/w\/?page_id=1031"},"modified":"2024-09-21T14:07:57","modified_gmt":"2024-09-21T17:07:57","slug":"visitas-y-cabalgatas","status":"publish","type":"page","link":"https:\/\/www.comarcalamatilde.com.ar\/w\/visitas-y-cabalgatas\/","title":{"rendered":"Visitas y Cabalgatas"},"content":{"rendered":"\t\t<div data-elementor-type=\"wp-page\" data-elementor-id=\"1031\" class=\"elementor elementor-1031\" data-elementor-post-type=\"page\">\n\t\t\t\t<div class=\"elementor-element elementor-element-19c5df99 e-con-full e-flex e-con e-parent\" data-id=\"19c5df99\" data-element_type=\"container\" data-e-type=\"container\" data-settings=\"{&quot;background_background&quot;:&quot;classic&quot;}\">\n\t\t<div class=\"elementor-element elementor-element-5c820f38 e-flex e-con-boxed e-con e-child\" data-id=\"5c820f38\" data-element_type=\"container\" data-e-type=\"container\">\n\t\t\t\t\t<div class=\"e-con-inner\">\n\t\t\t\t<div class=\"elementor-element elementor-element-4c257b1c elementor-widget elementor-widget-heading\" data-id=\"4c257b1c\" data-element_type=\"widget\" data-e-type=\"widget\" data-widget_type=\"heading.default\">\n\t\t\t\t<div class=\"elementor-widget-container\">\n\t\t\t\t\t<h1 class=\"elementor-heading-title elementor-size-default\">Visitas Guiadas y Cabalgatas<\/h1>\t\t\t\t<\/div>\n\t\t\t\t<\/div>\n\t\t\t\t\t<\/div>\n\t\t\t\t<\/div>\n\t\t<div class=\"elementor-element elementor-element-135f838d e-con-full e-flex e-con e-child\" data-id=\"135f838d\" data-element_type=\"container\" data-e-type=\"container\" data-settings=\"{&quot;background_background&quot;:&quot;classic&quot;}\">\n\t\t\t\t<\/div>\n\t\t\t\t<\/div>\n\t\t<div class=\"elementor-element elementor-element-37024c77 e-con-full e-flex e-con e-parent\" data-id=\"37024c77\" data-element_type=\"container\" data-e-type=\"container\">\n\t\t<div class=\"elementor-element elementor-element-1190e47b e-flex e-con-boxed e-con e-child\" data-id=\"1190e47b\" data-element_type=\"container\" data-e-type=\"container\">\n\t\t\t\t\t<div class=\"e-con-inner\">\n\t\t<div class=\"elementor-element elementor-element-57ae77c1 e-con-full e-flex e-con e-child\" data-id=\"57ae77c1\" data-element_type=\"container\" data-e-type=\"container\">\n\t\t\t\t<div class=\"elementor-element elementor-element-7127dca6 elementor-widget elementor-widget-heading\" data-id=\"7127dca6\" data-element_type=\"widget\" data-e-type=\"widget\" data-widget_type=\"heading.default\">\n\t\t\t\t<div class=\"elementor-widget-container\">\n\t\t\t\t\t<h2 class=\"elementor-heading-title elementor-size-default\">Visitas Guiadas<\/h2>\t\t\t\t<\/div>\n\t\t\t\t<\/div>\n\t\t\t\t<div class=\"elementor-element elementor-element-36c50119 elementor-widget elementor-widget-text-editor\" data-id=\"36c50119\" data-element_type=\"widget\" data-e-type=\"widget\" data-widget_type=\"text-editor.default\">\n\t\t\t\t<div class=\"elementor-widget-container\">\n\t\t\t\t\t\t\t\t\t<p>Ofrecemos Visitas Guiadas con cata y degustaci\u00f3n por Finca La Matilde. All\u00ed podr\u00e1s visitar vi\u00f1edos y bodega, conocer de biodin\u00e1mica y descubrir este hermoso proyecto ubicado en San Javier, Traslasierra, C\u00f3rdoba.<\/p>\t\t\t\t\t\t\t\t<\/div>\n\t\t\t\t<\/div>\n\t\t\t\t<div class=\"elementor-element elementor-element-0fbbd42 elementor-widget elementor-widget-button\" data-id=\"0fbbd42\" data-element_type=\"widget\" data-e-type=\"widget\" data-widget_type=\"button.default\">\n\t\t\t\t<div class=\"elementor-widget-container\">\n\t\t\t\t\t\t\t\t\t<div class=\"elementor-button-wrapper\">\n\t\t\t\t\t<a class=\"elementor-button elementor-button-link elementor-size-sm\" href=\"https:\/\/www.comarcalamatilde.com.ar\/w\/visitas-guiadas\/\">\n\t\t\t\t\t\t<span class=\"elementor-button-content-wrapper\">\n\t\t\t\t\t\t\t\t\t<span class=\"elementor-button-text\">+INFO<\/span>\n\t\t\t\t\t<\/span>\n\t\t\t\t\t<\/a>\n\t\t\t\t<\/div>\n\t\t\t\t\t\t\t\t<\/div>\n\t\t\t\t<\/div>\n\t\t\t\t<\/div>\n\t\t<div class=\"elementor-element elementor-element-dd48715 e-con-full elementor-hidden-mobile e-flex e-con e-child\" data-id=\"dd48715\" data-element_type=\"container\" data-e-type=\"container\" data-settings=\"{&quot;animation_mobile&quot;:&quot;none&quot;}\">\n\t\t\t\t<div class=\"elementor-element elementor-element-3f76b2ed elementor-absolute e-transform animated-fast elementor-invisible elementor-widget elementor-widget-image\" data-id=\"3f76b2ed\" data-element_type=\"widget\" data-e-type=\"widget\" data-settings=\"{&quot;_position&quot;:&quot;absolute&quot;,&quot;_transform_translateY_effect&quot;:{&quot;unit&quot;:&quot;%&quot;,&quot;size&quot;:-12,&quot;sizes&quot;:[]},&quot;_transform_translateY_effect_tablet&quot;:{&quot;unit&quot;:&quot;%&quot;,&quot;size&quot;:&quot;&quot;,&quot;sizes&quot;:[]},&quot;_transform_translateY_effect_mobile&quot;:{&quot;unit&quot;:&quot;%&quot;,&quot;size&quot;:&quot;&quot;,&quot;sizes&quot;:[]},&quot;_animation&quot;:&quot;zoomIn&quot;,&quot;_animation_tablet&quot;:&quot;zoomIn&quot;,&quot;_animation_mobile&quot;:&quot;zoomIn&quot;,&quot;_animation_delay&quot;:500,&quot;_transform_translateX_effect&quot;:{&quot;unit&quot;:&quot;px&quot;,&quot;size&quot;:&quot;&quot;,&quot;sizes&quot;:[]},&quot;_transform_translateX_effect_tablet&quot;:{&quot;unit&quot;:&quot;px&quot;,&quot;size&quot;:&quot;&quot;,&quot;sizes&quot;:[]},&quot;_transform_translateX_effect_mobile&quot;:{&quot;unit&quot;:&quot;px&quot;,&quot;size&quot;:&quot;&quot;,&quot;sizes&quot;:[]}}\" data-widget_type=\"image.default\">\n\t\t\t\t<div class=\"elementor-widget-container\">\n\t\t\t\t\t\t\t\t\t\t\t\t\t\t\t<img fetchpriority=\"high\" decoding=\"async\" width=\"768\" height=\"744\" src=\"https:\/\/www.comarcalamatilde.com.ar\/w\/wp-content\/uploads\/lamatilde-img-visitas-2.png\" class=\"attachment-large size-large wp-image-425\" alt=\"\" srcset=\"https:\/\/www.comarcalamatilde.com.ar\/w\/wp-content\/uploads\/lamatilde-img-visitas-2.png 768w, https:\/\/www.comarcalamatilde.com.ar\/w\/wp-content\/uploads\/lamatilde-img-visitas-2-600x581.png 600w, https:\/\/www.comarcalamatilde.com.ar\/w\/wp-content\/uploads\/lamatilde-img-visitas-2-300x291.png 300w, https:\/\/www.comarcalamatilde.com.ar\/w\/wp-content\/uploads\/lamatilde-img-visitas-2-150x145.png 150w, https:\/\/www.comarcalamatilde.com.ar\/w\/wp-content\/uploads\/lamatilde-img-visitas-2-320x310.png 320w\" sizes=\"(max-width: 768px) 100vw, 768px\" \/>\t\t\t\t\t\t\t\t\t\t\t\t\t\t\t<\/div>\n\t\t\t\t<\/div>\n\t\t\t\t<\/div>\n\t\t<div class=\"elementor-element elementor-element-19e21b50 e-con-full elementor-hidden-desktop elementor-hidden-tablet e-flex e-con e-child\" data-id=\"19e21b50\" data-element_type=\"container\" data-e-type=\"container\">\n\t\t\t\t<div class=\"elementor-element elementor-element-41fd5696 animated-fast elementor-invisible elementor-widget elementor-widget-image\" data-id=\"41fd5696\" data-element_type=\"widget\" data-e-type=\"widget\" data-settings=\"{&quot;_animation&quot;:&quot;zoomIn&quot;,&quot;_animation_delay&quot;:500}\" data-widget_type=\"image.default\">\n\t\t\t\t<div class=\"elementor-widget-container\">\n\t\t\t\t\t\t\t\t\t\t\t\t\t\t\t<img fetchpriority=\"high\" decoding=\"async\" width=\"768\" height=\"744\" src=\"https:\/\/www.comarcalamatilde.com.ar\/w\/wp-content\/uploads\/lamatilde-img-visitas-2.png\" class=\"attachment-large size-large wp-image-425\" alt=\"\" srcset=\"https:\/\/www.comarcalamatilde.com.ar\/w\/wp-content\/uploads\/lamatilde-img-visitas-2.png 768w, https:\/\/www.comarcalamatilde.com.ar\/w\/wp-content\/uploads\/lamatilde-img-visitas-2-600x581.png 600w, https:\/\/www.comarcalamatilde.com.ar\/w\/wp-content\/uploads\/lamatilde-img-visitas-2-300x291.png 300w, https:\/\/www.comarcalamatilde.com.ar\/w\/wp-content\/uploads\/lamatilde-img-visitas-2-150x145.png 150w, https:\/\/www.comarcalamatilde.com.ar\/w\/wp-content\/uploads\/lamatilde-img-visitas-2-320x310.png 320w\" sizes=\"(max-width: 768px) 100vw, 768px\" \/>\t\t\t\t\t\t\t\t\t\t\t\t\t\t\t<\/div>\n\t\t\t\t<\/div>\n\t\t\t\t<\/div>\n\t\t\t\t\t<\/div>\n\t\t\t\t<\/div>\n\t\t\t\t<\/div>\n\t\t<div class=\"elementor-element elementor-element-59d1507f e-con-full e-flex e-con e-parent\" data-id=\"59d1507f\" data-element_type=\"container\" data-e-type=\"container\" data-settings=\"{&quot;background_background&quot;:&quot;classic&quot;}\">\n\t\t<div class=\"elementor-element elementor-element-7173a6af e-flex e-con-boxed e-con e-child\" data-id=\"7173a6af\" data-element_type=\"container\" data-e-type=\"container\">\n\t\t\t\t\t<div class=\"e-con-inner\">\n\t\t<div class=\"elementor-element elementor-element-4693dca e-con-full elementor-hidden-mobile e-flex e-con e-child\" data-id=\"4693dca\" data-element_type=\"container\" data-e-type=\"container\" data-settings=\"{&quot;animation_mobile&quot;:&quot;none&quot;}\">\n\t\t\t\t<div class=\"elementor-element elementor-element-72da21f elementor-absolute e-transform animated-fast elementor-invisible elementor-widget elementor-widget-image\" data-id=\"72da21f\" data-element_type=\"widget\" data-e-type=\"widget\" data-settings=\"{&quot;_position&quot;:&quot;absolute&quot;,&quot;_transform_translateY_effect&quot;:{&quot;unit&quot;:&quot;%&quot;,&quot;size&quot;:-12,&quot;sizes&quot;:[]},&quot;_transform_translateY_effect_tablet&quot;:{&quot;unit&quot;:&quot;%&quot;,&quot;size&quot;:&quot;&quot;,&quot;sizes&quot;:[]},&quot;_transform_translateY_effect_mobile&quot;:{&quot;unit&quot;:&quot;%&quot;,&quot;size&quot;:&quot;&quot;,&quot;sizes&quot;:[]},&quot;_animation&quot;:&quot;zoomIn&quot;,&quot;_animation_tablet&quot;:&quot;zoomIn&quot;,&quot;_animation_mobile&quot;:&quot;zoomIn&quot;,&quot;_animation_delay&quot;:500,&quot;_transform_translateX_effect&quot;:{&quot;unit&quot;:&quot;px&quot;,&quot;size&quot;:&quot;&quot;,&quot;sizes&quot;:[]},&quot;_transform_translateX_effect_tablet&quot;:{&quot;unit&quot;:&quot;px&quot;,&quot;size&quot;:&quot;&quot;,&quot;sizes&quot;:[]},&quot;_transform_translateX_effect_mobile&quot;:{&quot;unit&quot;:&quot;px&quot;,&quot;size&quot;:&quot;&quot;,&quot;sizes&quot;:[]}}\" data-widget_type=\"image.default\">\n\t\t\t\t<div class=\"elementor-widget-container\">\n\t\t\t\t\t\t\t\t\t\t\t\t\t\t\t<img decoding=\"async\" width=\"768\" height=\"744\" src=\"https:\/\/www.comarcalamatilde.com.ar\/w\/wp-content\/uploads\/lamatilde-img-cabalgatas-1.png\" class=\"attachment-large size-large wp-image-96\" alt=\"\" srcset=\"https:\/\/www.comarcalamatilde.com.ar\/w\/wp-content\/uploads\/lamatilde-img-cabalgatas-1.png 768w, https:\/\/www.comarcalamatilde.com.ar\/w\/wp-content\/uploads\/lamatilde-img-cabalgatas-1-600x581.png 600w, https:\/\/www.comarcalamatilde.com.ar\/w\/wp-content\/uploads\/lamatilde-img-cabalgatas-1-300x291.png 300w, https:\/\/www.comarcalamatilde.com.ar\/w\/wp-content\/uploads\/lamatilde-img-cabalgatas-1-150x145.png 150w, https:\/\/www.comarcalamatilde.com.ar\/w\/wp-content\/uploads\/lamatilde-img-cabalgatas-1-320x310.png 320w\" sizes=\"(max-width: 768px) 100vw, 768px\" \/>\t\t\t\t\t\t\t\t\t\t\t\t\t\t\t<\/div>\n\t\t\t\t<\/div>\n\t\t\t\t<\/div>\n\t\t<div class=\"elementor-element elementor-element-67edea5c e-con-full elementor-hidden-desktop elementor-hidden-tablet e-flex e-con e-child\" data-id=\"67edea5c\" data-element_type=\"container\" data-e-type=\"container\">\n\t\t\t\t<div class=\"elementor-element elementor-element-4528d19f animated-fast elementor-invisible elementor-widget elementor-widget-image\" data-id=\"4528d19f\" data-element_type=\"widget\" data-e-type=\"widget\" data-settings=\"{&quot;_animation&quot;:&quot;zoomIn&quot;,&quot;_animation_delay&quot;:500}\" data-widget_type=\"image.default\">\n\t\t\t\t<div class=\"elementor-widget-container\">\n\t\t\t\t\t\t\t\t\t\t\t\t\t\t\t<img decoding=\"async\" width=\"768\" height=\"744\" src=\"https:\/\/www.comarcalamatilde.com.ar\/w\/wp-content\/uploads\/lamatilde-img-cabalgatas-1.png\" class=\"attachment-large size-large wp-image-96\" alt=\"\" srcset=\"https:\/\/www.comarcalamatilde.com.ar\/w\/wp-content\/uploads\/lamatilde-img-cabalgatas-1.png 768w, https:\/\/www.comarcalamatilde.com.ar\/w\/wp-content\/uploads\/lamatilde-img-cabalgatas-1-600x581.png 600w, https:\/\/www.comarcalamatilde.com.ar\/w\/wp-content\/uploads\/lamatilde-img-cabalgatas-1-300x291.png 300w, https:\/\/www.comarcalamatilde.com.ar\/w\/wp-content\/uploads\/lamatilde-img-cabalgatas-1-150x145.png 150w, https:\/\/www.comarcalamatilde.com.ar\/w\/wp-content\/uploads\/lamatilde-img-cabalgatas-1-320x310.png 320w\" sizes=\"(max-width: 768px) 100vw, 768px\" \/>\t\t\t\t\t\t\t\t\t\t\t\t\t\t\t<\/div>\n\t\t\t\t<\/div>\n\t\t\t\t<\/div>\n\t\t<div class=\"elementor-element elementor-element-2f1f959c e-con-full e-flex e-con e-child\" data-id=\"2f1f959c\" data-element_type=\"container\" data-e-type=\"container\">\n\t\t\t\t<div class=\"elementor-element elementor-element-46352c2f elementor-widget elementor-widget-heading\" data-id=\"46352c2f\" data-element_type=\"widget\" data-e-type=\"widget\" data-widget_type=\"heading.default\">\n\t\t\t\t<div class=\"elementor-widget-container\">\n\t\t\t\t\t<h2 class=\"elementor-heading-title elementor-size-default\">Cabalgatas Guiadas<\/h2>\t\t\t\t<\/div>\n\t\t\t\t<\/div>\n\t\t\t\t<div class=\"elementor-element elementor-element-7378f7ae elementor-widget elementor-widget-text-editor\" data-id=\"7378f7ae\" data-element_type=\"widget\" data-e-type=\"widget\" data-widget_type=\"text-editor.default\">\n\t\t\t\t<div class=\"elementor-widget-container\">\n\t\t\t\t\t\t\t\t\t<p>Ofrecemos cabalgatas guiadas, clases de iniciacion y clases de equitaci\u00f3n campera para todos los niveles.<\/p>\t\t\t\t\t\t\t\t<\/div>\n\t\t\t\t<\/div>\n\t\t\t\t<div class=\"elementor-element elementor-element-345ed2b elementor-widget elementor-widget-button\" data-id=\"345ed2b\" data-element_type=\"widget\" data-e-type=\"widget\" data-widget_type=\"button.default\">\n\t\t\t\t<div class=\"elementor-widget-container\">\n\t\t\t\t\t\t\t\t\t<div class=\"elementor-button-wrapper\">\n\t\t\t\t\t<a class=\"elementor-button elementor-button-link elementor-size-sm\" href=\"https:\/\/www.comarcalamatilde.com.ar\/w\/cabalgatas\/\">\n\t\t\t\t\t\t<span class=\"elementor-button-content-wrapper\">\n\t\t\t\t\t\t\t\t\t<span class=\"elementor-button-text\">+INFO<\/span>\n\t\t\t\t\t<\/span>\n\t\t\t\t\t<\/a>\n\t\t\t\t<\/div>\n\t\t\t\t\t\t\t\t<\/div>\n\t\t\t\t<\/div>\n\t\t\t\t<\/div>\n\t\t\t\t\t<\/div>\n\t\t\t\t<\/div>\n\t\t\t\t<\/div>\n\t\t\t\t<\/div>\n\t\t","protected":false},"excerpt":{"rendered":"<p>Visitas Guiadas y Cabalgatas Visitas Guiadas Ofrecemos Visitas Guiadas con cata y degustaci\u00f3n por Finca La Matilde. All\u00ed podr\u00e1s visitar vi\u00f1edos y bodega, conocer de biodin\u00e1mica y descubrir este hermoso proyecto ubicado en San Javier, Traslasierra, C\u00f3rdoba. +INFO Cabalgatas Guiadas Ofrecemos cabalgatas guiadas, clases de iniciacion y clases de equitaci\u00f3n campera para todos los niveles. [&hellip;]<\/p>\n","protected":false},"author":1,"featured_media":0,"parent":0,"menu_order":0,"comment_status":"closed","ping_status":"closed","template":"","meta":{"footnotes":""},"class_list":["post-1031","page","type-page","status-publish","hentry"],"yoast_head":"<!-- This site is optimized with the Yoast SEO plugin v26.9 - https:\/\/yoast.com\/product\/yoast-seo-wordpress\/ -->\n<title>Visitas y Cabalgatas - Comarca La Matilde<\/title>\n<meta name=\"description\" content=\"Comarca La Matilde Visitas y Cabalgatas -\" \/>\n<meta name=\"robots\" content=\"index, follow, max-snippet:-1, max-image-preview:large, max-video-preview:-1\" \/>\n<link rel=\"canonical\" href=\"https:\/\/www.comarcalamatilde.com.ar\/w\/visitas-y-cabalgatas\/\" \/>\n<meta property=\"og:locale\" content=\"es_ES\" \/>\n<meta property=\"og:type\" content=\"article\" \/>\n<meta property=\"og:title\" content=\"Visitas y Cabalgatas - Comarca La Matilde\" \/>\n<meta property=\"og:description\" content=\"Comarca La Matilde Visitas y Cabalgatas -\" \/>\n<meta property=\"og:url\" content=\"https:\/\/www.comarcalamatilde.com.ar\/w\/visitas-y-cabalgatas\/\" \/>\n<meta property=\"og:site_name\" content=\"Comarca La Matilde\" \/>\n<meta property=\"article:modified_time\" content=\"2024-09-21T17:07:57+00:00\" \/>\n<meta property=\"og:image\" content=\"https:\/\/www.comarcalamatilde.com.ar\/w\/wp-content\/uploads\/lamatilde-img-visitas-2.png\" \/>\n<meta name=\"twitter:card\" content=\"summary_large_image\" \/>\n<meta name=\"twitter:label1\" content=\"Tiempo de lectura\" \/>\n\t<meta name=\"twitter:data1\" content=\"2 minutos\" \/>\n<script type=\"application\/ld+json\" class=\"yoast-schema-graph\">{\"@context\":\"https:\/\/schema.org\",\"@graph\":[{\"@type\":\"WebPage\",\"@id\":\"https:\/\/www.comarcalamatilde.com.ar\/w\/visitas-y-cabalgatas\/\",\"url\":\"https:\/\/www.comarcalamatilde.com.ar\/w\/visitas-y-cabalgatas\/\",\"name\":\"Visitas y Cabalgatas - Comarca La Matilde\",\"isPartOf\":{\"@id\":\"https:\/\/www.comarcalamatilde.com.ar\/w\/#website\"},\"primaryImageOfPage\":{\"@id\":\"https:\/\/www.comarcalamatilde.com.ar\/w\/visitas-y-cabalgatas\/#primaryimage\"},\"image\":{\"@id\":\"https:\/\/www.comarcalamatilde.com.ar\/w\/visitas-y-cabalgatas\/#primaryimage\"},\"thumbnailUrl\":\"https:\/\/www.comarcalamatilde.com.ar\/w\/wp-content\/uploads\/lamatilde-img-visitas-2.png\",\"datePublished\":\"2024-09-21T17:00:11+00:00\",\"dateModified\":\"2024-09-21T17:07:57+00:00\",\"description\":\"Comarca La Matilde Visitas y Cabalgatas -\",\"breadcrumb\":{\"@id\":\"https:\/\/www.comarcalamatilde.com.ar\/w\/visitas-y-cabalgatas\/#breadcrumb\"},\"inLanguage\":\"es\",\"potentialAction\":[{\"@type\":\"ReadAction\",\"target\":[\"https:\/\/www.comarcalamatilde.com.ar\/w\/visitas-y-cabalgatas\/\"]}]},{\"@type\":\"ImageObject\",\"inLanguage\":\"es\",\"@id\":\"https:\/\/www.comarcalamatilde.com.ar\/w\/visitas-y-cabalgatas\/#primaryimage\",\"url\":\"https:\/\/www.comarcalamatilde.com.ar\/w\/wp-content\/uploads\/lamatilde-img-visitas-2.png\",\"contentUrl\":\"https:\/\/www.comarcalamatilde.com.ar\/w\/wp-content\/uploads\/lamatilde-img-visitas-2.png\",\"width\":768,\"height\":744},{\"@type\":\"BreadcrumbList\",\"@id\":\"https:\/\/www.comarcalamatilde.com.ar\/w\/visitas-y-cabalgatas\/#breadcrumb\",\"itemListElement\":[{\"@type\":\"ListItem\",\"position\":1,\"name\":\"Portada\",\"item\":\"https:\/\/www.comarcalamatilde.com.ar\/w\/\"},{\"@type\":\"ListItem\",\"position\":2,\"name\":\"Visitas y Cabalgatas\"}]},{\"@type\":\"WebSite\",\"@id\":\"https:\/\/www.comarcalamatilde.com.ar\/w\/#website\",\"url\":\"https:\/\/www.comarcalamatilde.com.ar\/w\/\",\"name\":\"Comarca La Matilde\",\"description\":\"\",\"publisher\":{\"@id\":\"https:\/\/www.comarcalamatilde.com.ar\/w\/#organization\"},\"potentialAction\":[{\"@type\":\"SearchAction\",\"target\":{\"@type\":\"EntryPoint\",\"urlTemplate\":\"https:\/\/www.comarcalamatilde.com.ar\/w\/?s={search_term_string}\"},\"query-input\":{\"@type\":\"PropertyValueSpecification\",\"valueRequired\":true,\"valueName\":\"search_term_string\"}}],\"inLanguage\":\"es\"},{\"@type\":\"Organization\",\"@id\":\"https:\/\/www.comarcalamatilde.com.ar\/w\/#organization\",\"name\":\"Comarca La Matilde\",\"url\":\"https:\/\/www.comarcalamatilde.com.ar\/w\/\",\"logo\":{\"@type\":\"ImageObject\",\"inLanguage\":\"es\",\"@id\":\"https:\/\/www.comarcalamatilde.com.ar\/w\/#\/schema\/logo\/image\/\",\"url\":\"https:\/\/www.comarcalamatilde.com.ar\/w\/wp-content\/uploads\/lamatilde-logo-superior-1.png\",\"contentUrl\":\"https:\/\/www.comarcalamatilde.com.ar\/w\/wp-content\/uploads\/lamatilde-logo-superior-1.png\",\"width\":310,\"height\":172,\"caption\":\"Comarca La Matilde\"},\"image\":{\"@id\":\"https:\/\/www.comarcalamatilde.com.ar\/w\/#\/schema\/logo\/image\/\"}}]}<\/script>\n<!-- \/ Yoast SEO plugin. -->","yoast_head_json":{"title":"Visitas y Cabalgatas - Comarca La Matilde","description":"Comarca La Matilde Visitas y Cabalgatas -","robots":{"index":"index","follow":"follow","max-snippet":"max-snippet:-1","max-image-preview":"max-image-preview:large","max-video-preview":"max-video-preview:-1"},"canonical":"https:\/\/www.comarcalamatilde.com.ar\/w\/visitas-y-cabalgatas\/","og_locale":"es_ES","og_type":"article","og_title":"Visitas y Cabalgatas - Comarca La Matilde","og_description":"Comarca La Matilde Visitas y Cabalgatas -","og_url":"https:\/\/www.comarcalamatilde.com.ar\/w\/visitas-y-cabalgatas\/","og_site_name":"Comarca La Matilde","article_modified_time":"2024-09-21T17:07:57+00:00","og_image":[{"url":"https:\/\/www.comarcalamatilde.com.ar\/w\/wp-content\/uploads\/lamatilde-img-visitas-2.png","type":"","width":"","height":""}],"twitter_card":"summary_large_image","twitter_misc":{"Tiempo de lectura":"2 minutos"},"schema":{"@context":"https:\/\/schema.org","@graph":[{"@type":"WebPage","@id":"https:\/\/www.comarcalamatilde.com.ar\/w\/visitas-y-cabalgatas\/","url":"https:\/\/www.comarcalamatilde.com.ar\/w\/visitas-y-cabalgatas\/","name":"Visitas y Cabalgatas - Comarca La Matilde","isPartOf":{"@id":"https:\/\/www.comarcalamatilde.com.ar\/w\/#website"},"primaryImageOfPage":{"@id":"https:\/\/www.comarcalamatilde.com.ar\/w\/visitas-y-cabalgatas\/#primaryimage"},"image":{"@id":"https:\/\/www.comarcalamatilde.com.ar\/w\/visitas-y-cabalgatas\/#primaryimage"},"thumbnailUrl":"https:\/\/www.comarcalamatilde.com.ar\/w\/wp-content\/uploads\/lamatilde-img-visitas-2.png","datePublished":"2024-09-21T17:00:11+00:00","dateModified":"2024-09-21T17:07:57+00:00","description":"Comarca La Matilde Visitas y Cabalgatas -","breadcrumb":{"@id":"https:\/\/www.comarcalamatilde.com.ar\/w\/visitas-y-cabalgatas\/#breadcrumb"},"inLanguage":"es","potentialAction":[{"@type":"ReadAction","target":["https:\/\/www.comarcalamatilde.com.ar\/w\/visitas-y-cabalgatas\/"]}]},{"@type":"ImageObject","inLanguage":"es","@id":"https:\/\/www.comarcalamatilde.com.ar\/w\/visitas-y-cabalgatas\/#primaryimage","url":"https:\/\/www.comarcalamatilde.com.ar\/w\/wp-content\/uploads\/lamatilde-img-visitas-2.png","contentUrl":"https:\/\/www.comarcalamatilde.com.ar\/w\/wp-content\/uploads\/lamatilde-img-visitas-2.png","width":768,"height":744},{"@type":"BreadcrumbList","@id":"https:\/\/www.comarcalamatilde.com.ar\/w\/visitas-y-cabalgatas\/#breadcrumb","itemListElement":[{"@type":"ListItem","position":1,"name":"Portada","item":"https:\/\/www.comarcalamatilde.com.ar\/w\/"},{"@type":"ListItem","position":2,"name":"Visitas y Cabalgatas"}]},{"@type":"WebSite","@id":"https:\/\/www.comarcalamatilde.com.ar\/w\/#website","url":"https:\/\/www.comarcalamatilde.com.ar\/w\/","name":"Comarca La Matilde","description":"","publisher":{"@id":"https:\/\/www.comarcalamatilde.com.ar\/w\/#organization"},"potentialAction":[{"@type":"SearchAction","target":{"@type":"EntryPoint","urlTemplate":"https:\/\/www.comarcalamatilde.com.ar\/w\/?s={search_term_string}"},"query-input":{"@type":"PropertyValueSpecification","valueRequired":true,"valueName":"search_term_string"}}],"inLanguage":"es"},{"@type":"Organization","@id":"https:\/\/www.comarcalamatilde.com.ar\/w\/#organization","name":"Comarca La Matilde","url":"https:\/\/www.comarcalamatilde.com.ar\/w\/","logo":{"@type":"ImageObject","inLanguage":"es","@id":"https:\/\/www.comarcalamatilde.com.ar\/w\/#\/schema\/logo\/image\/","url":"https:\/\/www.comarcalamatilde.com.ar\/w\/wp-content\/uploads\/lamatilde-logo-superior-1.png","contentUrl":"https:\/\/www.comarcalamatilde.com.ar\/w\/wp-content\/uploads\/lamatilde-logo-superior-1.png","width":310,"height":172,"caption":"Comarca La Matilde"},"image":{"@id":"https:\/\/www.comarcalamatilde.com.ar\/w\/#\/schema\/logo\/image\/"}}]}},"_links":{"self":[{"href":"https:\/\/www.comarcalamatilde.com.ar\/w\/wp-json\/wp\/v2\/pages\/1031","targetHints":{"allow":["GET"]}}],"collection":[{"href":"https:\/\/www.comarcalamatilde.com.ar\/w\/wp-json\/wp\/v2\/pages"}],"about":[{"href":"https:\/\/www.comarcalamatilde.com.ar\/w\/wp-json\/wp\/v2\/types\/page"}],"author":[{"embeddable":true,"href":"https:\/\/www.comarcalamatilde.com.ar\/w\/wp-json\/wp\/v2\/users\/1"}],"replies":[{"embeddable":true,"href":"https:\/\/www.comarcalamatilde.com.ar\/w\/wp-json\/wp\/v2\/comments?post=1031"}],"version-history":[{"count":0,"href":"https:\/\/www.comarcalamatilde.com.ar\/w\/wp-json\/wp\/v2\/pages\/1031\/revisions"}],"wp:attachment":[{"href":"https:\/\/www.comarcalamatilde.com.ar\/w\/wp-json\/wp\/v2\/media?parent=1031"}],"curies":[{"name":"wp","href":"https:\/\/api.w.org\/{rel}","templated":true}]}}