{"id":605,"date":"2024-02-19T16:34:50","date_gmt":"2024-02-19T19:34:50","guid":{"rendered":"https:\/\/www.comarcalamatilde.com.ar\/w\/?post_type=product&#038;p=605"},"modified":"2026-01-22T18:06:41","modified_gmt":"2026-01-22T21:06:41","slug":"segunda-mirada-tannat-reserva","status":"publish","type":"product","link":"https:\/\/www.comarcalamatilde.com.ar\/w\/producto\/segunda-mirada-tannat-reserva\/","title":{"rendered":"Segunda Mirada Tannat Reserva 2024"},"content":{"rendered":"<p>Corte Tannat Reserva Cosecha manual en cajones de 10kg, fermentado en vasijas ovoides de cemento. Maceraci\u00f3n 7 d\u00edas. Madurado en barricas de 500 litros de roble franc\u00e9s 1er. uso durante 9 meses y luego en botella durante 6 meses.<\/p>\n<p>Vino de color viol\u00e1ceo intenso, brillante. Aroma especiado, bayas, compotas, vainillas. En boca es un vino compacto, final largo y astringencia media.<\/p>\n<p>\u2022 Alcohol: 13.6\u00ba.<br \/>\n\u2022 Temperatura de Servicio: 15\u00ba.<br \/>\n\u2022 Producci\u00f3n numerada: 650.<\/p>\n","protected":false},"excerpt":{"rendered":"<p>Corte Tannat Reserva Cosecha manual en cajones de 10kg, fermentado en vasijas ovoides de cemento. Maceraci\u00f3n 7 d\u00edas. Madurado en barricas de 500 litros de roble franc\u00e9s 1er. uso durante 9 meses y luego en botella durante 6 meses. Vino de color viol\u00e1ceo intenso, brillante. Aroma especiado, bayas, compotas, vainillas. En boca es un vino [&hellip;]<\/p>\n","protected":false},"featured_media":617,"template":"","meta":[],"product_brand":[],"product_cat":[29,37,25],"product_tag":[],"class_list":{"0":"post-605","1":"product","2":"type-product","3":"status-publish","4":"has-post-thumbnail","6":"product_cat-29","7":"product_cat-37","8":"product_cat-tannat","9":"product_shipping_class-precio-por-unidad","11":"first","12":"instock","13":"sale","14":"shipping-taxable","15":"purchasable","16":"product-type-simple"},"yoast_head":"<!-- This site is optimized with the Yoast SEO plugin v26.9 - https:\/\/yoast.com\/product\/yoast-seo-wordpress\/ -->\n<title>Segunda Mirada Tannat Reserva 2024 - Comarca La Matilde<\/title>\n<meta name=\"robots\" content=\"index, follow, max-snippet:-1, max-image-preview:large, max-video-preview:-1\" \/>\n<link rel=\"canonical\" href=\"https:\/\/www.comarcalamatilde.com.ar\/w\/producto\/segunda-mirada-tannat-reserva\/\" \/>\n<meta property=\"og:locale\" content=\"es_ES\" \/>\n<meta property=\"og:type\" content=\"article\" \/>\n<meta property=\"og:title\" content=\"Segunda Mirada Tannat Reserva 2024 - Comarca La Matilde\" \/>\n<meta property=\"og:description\" content=\"Corte Tannat Reserva Cosecha manual en cajones de 10kg, fermentado en vasijas ovoides de cemento. Maceraci\u00f3n 7 d\u00edas. Madurado en barricas de 500 litros de roble franc\u00e9s 1er. uso durante 9 meses y luego en botella durante 6 meses. Vino de color viol\u00e1ceo intenso, brillante. Aroma especiado, bayas, compotas, vainillas. En boca es un vino [&hellip;]\" \/>\n<meta property=\"og:url\" content=\"https:\/\/www.comarcalamatilde.com.ar\/w\/producto\/segunda-mirada-tannat-reserva\/\" \/>\n<meta property=\"og:site_name\" content=\"Comarca La Matilde\" \/>\n<meta property=\"article:modified_time\" content=\"2026-01-22T21:06:41+00:00\" \/>\n<meta property=\"og:image\" content=\"https:\/\/www.comarcalamatilde.com.ar\/w\/wp-content\/uploads\/0-727373043624-SMB-2023_1.jpg\" \/>\n\t<meta property=\"og:image:width\" content=\"1200\" \/>\n\t<meta property=\"og:image:height\" content=\"1200\" \/>\n\t<meta property=\"og:image:type\" content=\"image\/jpeg\" \/>\n<meta name=\"twitter:card\" content=\"summary_large_image\" \/>\n<meta name=\"twitter:label1\" content=\"Tiempo de lectura\" \/>\n\t<meta name=\"twitter:data1\" content=\"1 minuto\" \/>\n<script type=\"application\/ld+json\" class=\"yoast-schema-graph\">{\"@context\":\"https:\/\/schema.org\",\"@graph\":[{\"@type\":\"WebPage\",\"@id\":\"https:\/\/www.comarcalamatilde.com.ar\/w\/producto\/segunda-mirada-tannat-reserva\/\",\"url\":\"https:\/\/www.comarcalamatilde.com.ar\/w\/producto\/segunda-mirada-tannat-reserva\/\",\"name\":\"Segunda Mirada Tannat Reserva 2024 - Comarca La Matilde\",\"isPartOf\":{\"@id\":\"https:\/\/www.comarcalamatilde.com.ar\/w\/#website\"},\"primaryImageOfPage\":{\"@id\":\"https:\/\/www.comarcalamatilde.com.ar\/w\/producto\/segunda-mirada-tannat-reserva\/#primaryimage\"},\"image\":{\"@id\":\"https:\/\/www.comarcalamatilde.com.ar\/w\/producto\/segunda-mirada-tannat-reserva\/#primaryimage\"},\"thumbnailUrl\":\"https:\/\/www.comarcalamatilde.com.ar\/w\/wp-content\/uploads\/0-727373043624-SMB-2023_1.jpg\",\"datePublished\":\"2024-02-19T19:34:50+00:00\",\"dateModified\":\"2026-01-22T21:06:41+00:00\",\"breadcrumb\":{\"@id\":\"https:\/\/www.comarcalamatilde.com.ar\/w\/producto\/segunda-mirada-tannat-reserva\/#breadcrumb\"},\"inLanguage\":\"es\",\"potentialAction\":[{\"@type\":\"ReadAction\",\"target\":[\"https:\/\/www.comarcalamatilde.com.ar\/w\/producto\/segunda-mirada-tannat-reserva\/\"]}]},{\"@type\":\"ImageObject\",\"inLanguage\":\"es\",\"@id\":\"https:\/\/www.comarcalamatilde.com.ar\/w\/producto\/segunda-mirada-tannat-reserva\/#primaryimage\",\"url\":\"https:\/\/www.comarcalamatilde.com.ar\/w\/wp-content\/uploads\/0-727373043624-SMB-2023_1.jpg\",\"contentUrl\":\"https:\/\/www.comarcalamatilde.com.ar\/w\/wp-content\/uploads\/0-727373043624-SMB-2023_1.jpg\",\"width\":1200,\"height\":1200},{\"@type\":\"BreadcrumbList\",\"@id\":\"https:\/\/www.comarcalamatilde.com.ar\/w\/producto\/segunda-mirada-tannat-reserva\/#breadcrumb\",\"itemListElement\":[{\"@type\":\"ListItem\",\"position\":1,\"name\":\"Portada\",\"item\":\"https:\/\/www.comarcalamatilde.com.ar\/w\/\"},{\"@type\":\"ListItem\",\"position\":2,\"name\":\"Segunda Mirada Tannat Reserva 2024\"}]},{\"@type\":\"WebSite\",\"@id\":\"https:\/\/www.comarcalamatilde.com.ar\/w\/#website\",\"url\":\"https:\/\/www.comarcalamatilde.com.ar\/w\/\",\"name\":\"Comarca La Matilde\",\"description\":\"\",\"publisher\":{\"@id\":\"https:\/\/www.comarcalamatilde.com.ar\/w\/#organization\"},\"potentialAction\":[{\"@type\":\"SearchAction\",\"target\":{\"@type\":\"EntryPoint\",\"urlTemplate\":\"https:\/\/www.comarcalamatilde.com.ar\/w\/?s={search_term_string}\"},\"query-input\":{\"@type\":\"PropertyValueSpecification\",\"valueRequired\":true,\"valueName\":\"search_term_string\"}}],\"inLanguage\":\"es\"},{\"@type\":\"Organization\",\"@id\":\"https:\/\/www.comarcalamatilde.com.ar\/w\/#organization\",\"name\":\"Comarca La Matilde\",\"url\":\"https:\/\/www.comarcalamatilde.com.ar\/w\/\",\"logo\":{\"@type\":\"ImageObject\",\"inLanguage\":\"es\",\"@id\":\"https:\/\/www.comarcalamatilde.com.ar\/w\/#\/schema\/logo\/image\/\",\"url\":\"https:\/\/www.comarcalamatilde.com.ar\/w\/wp-content\/uploads\/lamatilde-logo-superior-1.png\",\"contentUrl\":\"https:\/\/www.comarcalamatilde.com.ar\/w\/wp-content\/uploads\/lamatilde-logo-superior-1.png\",\"width\":310,\"height\":172,\"caption\":\"Comarca La Matilde\"},\"image\":{\"@id\":\"https:\/\/www.comarcalamatilde.com.ar\/w\/#\/schema\/logo\/image\/\"}}]}<\/script>\n<!-- \/ Yoast SEO plugin. -->","yoast_head_json":{"title":"Segunda Mirada Tannat Reserva 2024 - Comarca La Matilde","robots":{"index":"index","follow":"follow","max-snippet":"max-snippet:-1","max-image-preview":"max-image-preview:large","max-video-preview":"max-video-preview:-1"},"canonical":"https:\/\/www.comarcalamatilde.com.ar\/w\/producto\/segunda-mirada-tannat-reserva\/","og_locale":"es_ES","og_type":"article","og_title":"Segunda Mirada Tannat Reserva 2024 - Comarca La Matilde","og_description":"Corte Tannat Reserva Cosecha manual en cajones de 10kg, fermentado en vasijas ovoides de cemento. Maceraci\u00f3n 7 d\u00edas. Madurado en barricas de 500 litros de roble franc\u00e9s 1er. uso durante 9 meses y luego en botella durante 6 meses. Vino de color viol\u00e1ceo intenso, brillante. Aroma especiado, bayas, compotas, vainillas. En boca es un vino [&hellip;]","og_url":"https:\/\/www.comarcalamatilde.com.ar\/w\/producto\/segunda-mirada-tannat-reserva\/","og_site_name":"Comarca La Matilde","article_modified_time":"2026-01-22T21:06:41+00:00","og_image":[{"width":1200,"height":1200,"url":"https:\/\/www.comarcalamatilde.com.ar\/w\/wp-content\/uploads\/0-727373043624-SMB-2023_1.jpg","type":"image\/jpeg"}],"twitter_card":"summary_large_image","twitter_misc":{"Tiempo de lectura":"1 minuto"},"schema":{"@context":"https:\/\/schema.org","@graph":[{"@type":"WebPage","@id":"https:\/\/www.comarcalamatilde.com.ar\/w\/producto\/segunda-mirada-tannat-reserva\/","url":"https:\/\/www.comarcalamatilde.com.ar\/w\/producto\/segunda-mirada-tannat-reserva\/","name":"Segunda Mirada Tannat Reserva 2024 - Comarca La Matilde","isPartOf":{"@id":"https:\/\/www.comarcalamatilde.com.ar\/w\/#website"},"primaryImageOfPage":{"@id":"https:\/\/www.comarcalamatilde.com.ar\/w\/producto\/segunda-mirada-tannat-reserva\/#primaryimage"},"image":{"@id":"https:\/\/www.comarcalamatilde.com.ar\/w\/producto\/segunda-mirada-tannat-reserva\/#primaryimage"},"thumbnailUrl":"https:\/\/www.comarcalamatilde.com.ar\/w\/wp-content\/uploads\/0-727373043624-SMB-2023_1.jpg","datePublished":"2024-02-19T19:34:50+00:00","dateModified":"2026-01-22T21:06:41+00:00","breadcrumb":{"@id":"https:\/\/www.comarcalamatilde.com.ar\/w\/producto\/segunda-mirada-tannat-reserva\/#breadcrumb"},"inLanguage":"es","potentialAction":[{"@type":"ReadAction","target":["https:\/\/www.comarcalamatilde.com.ar\/w\/producto\/segunda-mirada-tannat-reserva\/"]}]},{"@type":"ImageObject","inLanguage":"es","@id":"https:\/\/www.comarcalamatilde.com.ar\/w\/producto\/segunda-mirada-tannat-reserva\/#primaryimage","url":"https:\/\/www.comarcalamatilde.com.ar\/w\/wp-content\/uploads\/0-727373043624-SMB-2023_1.jpg","contentUrl":"https:\/\/www.comarcalamatilde.com.ar\/w\/wp-content\/uploads\/0-727373043624-SMB-2023_1.jpg","width":1200,"height":1200},{"@type":"BreadcrumbList","@id":"https:\/\/www.comarcalamatilde.com.ar\/w\/producto\/segunda-mirada-tannat-reserva\/#breadcrumb","itemListElement":[{"@type":"ListItem","position":1,"name":"Portada","item":"https:\/\/www.comarcalamatilde.com.ar\/w\/"},{"@type":"ListItem","position":2,"name":"Segunda Mirada Tannat Reserva 2024"}]},{"@type":"WebSite","@id":"https:\/\/www.comarcalamatilde.com.ar\/w\/#website","url":"https:\/\/www.comarcalamatilde.com.ar\/w\/","name":"Comarca La Matilde","description":"","publisher":{"@id":"https:\/\/www.comarcalamatilde.com.ar\/w\/#organization"},"potentialAction":[{"@type":"SearchAction","target":{"@type":"EntryPoint","urlTemplate":"https:\/\/www.comarcalamatilde.com.ar\/w\/?s={search_term_string}"},"query-input":{"@type":"PropertyValueSpecification","valueRequired":true,"valueName":"search_term_string"}}],"inLanguage":"es"},{"@type":"Organization","@id":"https:\/\/www.comarcalamatilde.com.ar\/w\/#organization","name":"Comarca La Matilde","url":"https:\/\/www.comarcalamatilde.com.ar\/w\/","logo":{"@type":"ImageObject","inLanguage":"es","@id":"https:\/\/www.comarcalamatilde.com.ar\/w\/#\/schema\/logo\/image\/","url":"https:\/\/www.comarcalamatilde.com.ar\/w\/wp-content\/uploads\/lamatilde-logo-superior-1.png","contentUrl":"https:\/\/www.comarcalamatilde.com.ar\/w\/wp-content\/uploads\/lamatilde-logo-superior-1.png","width":310,"height":172,"caption":"Comarca La Matilde"},"image":{"@id":"https:\/\/www.comarcalamatilde.com.ar\/w\/#\/schema\/logo\/image\/"}}]}},"_links":{"self":[{"href":"https:\/\/www.comarcalamatilde.com.ar\/w\/wp-json\/wp\/v2\/product\/605","targetHints":{"allow":["GET"]}}],"collection":[{"href":"https:\/\/www.comarcalamatilde.com.ar\/w\/wp-json\/wp\/v2\/product"}],"about":[{"href":"https:\/\/www.comarcalamatilde.com.ar\/w\/wp-json\/wp\/v2\/types\/product"}],"wp:featuredmedia":[{"embeddable":true,"href":"https:\/\/www.comarcalamatilde.com.ar\/w\/wp-json\/wp\/v2\/media\/617"}],"wp:attachment":[{"href":"https:\/\/www.comarcalamatilde.com.ar\/w\/wp-json\/wp\/v2\/media?parent=605"}],"wp:term":[{"taxonomy":"product_brand","embeddable":true,"href":"https:\/\/www.comarcalamatilde.com.ar\/w\/wp-json\/wp\/v2\/product_brand?post=605"},{"taxonomy":"product_cat","embeddable":true,"href":"https:\/\/www.comarcalamatilde.com.ar\/w\/wp-json\/wp\/v2\/product_cat?post=605"},{"taxonomy":"product_tag","embeddable":true,"href":"https:\/\/www.comarcalamatilde.com.ar\/w\/wp-json\/wp\/v2\/product_tag?post=605"}],"curies":[{"name":"wp","href":"https:\/\/api.w.org\/{rel}","templated":true}]}}

<p>Corte Tannat Reserva Cosecha manual en cajones de 10kg, fermentado en vasijas ovoides de cemento. Maceración 7 días. Madurado en barricas de 500 litros de roble francés 1er. uso durante 9 meses y luego en botella durante 6 meses.</p>
<p>Vino de color violáceo intenso, brillante. Aroma especiado, bayas, compotas, vainillas. En boca es un vino compacto, final largo y astringencia media.</p>
<p>• Alcohol: 13.6º.<br />
• Temperatura de Servicio: 15º.<br />
• Producción numerada: 650.</p>

<p>Corte Tannat Reserva Cosecha manual en cajones de 10kg, fermentado en vasijas ovoides de cemento. Maceración 7 días. Madurado en barricas de 500 litros de roble francés 1er. uso durante 9 meses y luego en botella durante 6 meses. Vino de color violáceo intenso, brillante. Aroma especiado, bayas, compotas, vainillas. En boca es un vino [&hellip;]</p>

<!-- This site is optimized with the Yoast SEO plugin v26.9 - https://yoast.com/product/yoast-seo-wordpress/ -->
<title>Segunda Mirada Tannat Reserva 2024 - Comarca La Matilde</title>
<meta name="robots" content="index, follow, max-snippet:-1, max-image-preview:large, max-video-preview:-1" />
<link rel="canonical" href="https://www.comarcalamatilde.com.ar/w/producto/segunda-mirada-tannat-reserva/" />
<meta property="og:locale" content="es_ES" />
<meta property="og:type" content="article" />
<meta property="og:title" content="Segunda Mirada Tannat Reserva 2024 - Comarca La Matilde" />
<meta property="og:description" content="Corte Tannat Reserva Cosecha manual en cajones de 10kg, fermentado en vasijas ovoides de cemento. Maceración 7 días. Madurado en barricas de 500 litros de roble francés 1er. uso durante 9 meses y luego en botella durante 6 meses. Vino de color violáceo intenso, brillante. Aroma especiado, bayas, compotas, vainillas. En boca es un vino [&hellip;]" />
<meta property="og:url" content="https://www.comarcalamatilde.com.ar/w/producto/segunda-mirada-tannat-reserva/" />
<meta property="og:site_name" content="Comarca La Matilde" />
<meta property="article:modified_time" content="2026-01-22T21:06:41+00:00" />
<meta property="og:image" content="https://www.comarcalamatilde.com.ar/w/wp-content/uploads/0-727373043624-SMB-2023_1.jpg" />
	<meta property="og:image:width" content="1200" />
	<meta property="og:image:height" content="1200" />
	<meta property="og:image:type" content="image/jpeg" />
<meta name="twitter:card" content="summary_large_image" />
<meta name="twitter:label1" content="Tiempo de lectura" />
	<meta name="twitter:data1" content="1 minuto" />
<script type="application/ld+json" class="yoast-schema-graph">{"@context":"https://schema.org","@graph":[{"@type":"WebPage","@id":"https://www.comarcalamatilde.com.ar/w/producto/segunda-mirada-tannat-reserva/","url":"https://www.comarcalamatilde.com.ar/w/producto/segunda-mirada-tannat-reserva/","name":"Segunda Mirada Tannat Reserva 2024 - Comarca La Matilde","isPartOf":{"@id":"https://www.comarcalamatilde.com.ar/w/#website"},"primaryImageOfPage":{"@id":"https://www.comarcalamatilde.com.ar/w/producto/segunda-mirada-tannat-reserva/#primaryimage"},"image":{"@id":"https://www.comarcalamatilde.com.ar/w/producto/segunda-mirada-tannat-reserva/#primaryimage"},"thumbnailUrl":"https://www.comarcalamatilde.com.ar/w/wp-content/uploads/0-727373043624-SMB-2023_1.jpg","datePublished":"2024-02-19T19:34:50+00:00","dateModified":"2026-01-22T21:06:41+00:00","breadcrumb":{"@id":"https://www.comarcalamatilde.com.ar/w/producto/segunda-mirada-tannat-reserva/#breadcrumb"},"inLanguage":"es","potentialAction":[{"@type":"ReadAction","target":["https://www.comarcalamatilde.com.ar/w/producto/segunda-mirada-tannat-reserva/"]}]},{"@type":"ImageObject","inLanguage":"es","@id":"https://www.comarcalamatilde.com.ar/w/producto/segunda-mirada-tannat-reserva/#primaryimage","url":"https://www.comarcalamatilde.com.ar/w/wp-content/uploads/0-727373043624-SMB-2023_1.jpg","contentUrl":"https://www.comarcalamatilde.com.ar/w/wp-content/uploads/0-727373043624-SMB-2023_1.jpg","width":1200,"height":1200},{"@type":"BreadcrumbList","@id":"https://www.comarcalamatilde.com.ar/w/producto/segunda-mirada-tannat-reserva/#breadcrumb","itemListElement":[{"@type":"ListItem","position":1,"name":"Portada","item":"https://www.comarcalamatilde.com.ar/w/"},{"@type":"ListItem","position":2,"name":"Segunda Mirada Tannat Reserva 2024"}]},{"@type":"WebSite","@id":"https://www.comarcalamatilde.com.ar/w/#website","url":"https://www.comarcalamatilde.com.ar/w/","name":"Comarca La Matilde","description":"","publisher":{"@id":"https://www.comarcalamatilde.com.ar/w/#organization"},"potentialAction":[{"@type":"SearchAction","target":{"@type":"EntryPoint","urlTemplate":"https://www.comarcalamatilde.com.ar/w/?s={search_term_string}"},"query-input":{"@type":"PropertyValueSpecification","valueRequired":true,"valueName":"search_term_string"}}],"inLanguage":"es"},{"@type":"Organization","@id":"https://www.comarcalamatilde.com.ar/w/#organization","name":"Comarca La Matilde","url":"https://www.comarcalamatilde.com.ar/w/","logo":{"@type":"ImageObject","inLanguage":"es","@id":"https://www.comarcalamatilde.com.ar/w/#/schema/logo/image/","url":"https://www.comarcalamatilde.com.ar/w/wp-content/uploads/lamatilde-logo-superior-1.png","contentUrl":"https://www.comarcalamatilde.com.ar/w/wp-content/uploads/lamatilde-logo-superior-1.png","width":310,"height":172,"caption":"Comarca La Matilde"},"image":{"@id":"https://www.comarcalamatilde.com.ar/w/#/schema/logo/image/"}}]}</script>
<!-- / Yoast SEO plugin. -->

Corte Tannat Reserva Cosecha manual en cajones de 10kg, fermentado en vasijas ovoides de cemento. Maceración 7 días. Madurado en barricas de 500 litros de roble francés 1er. uso durante 9 meses y luego en botella durante 6 meses. Vino de color violáceo intenso, brillante. Aroma especiado, bayas, compotas, vainillas. En boca es un vino [&hellip;]
